{"id":4788,"date":"2025-05-23T10:36:44","date_gmt":"2025-05-23T08:36:44","guid":{"rendered":"https:\/\/www.lehrmittelverlag.ch\/cms\/?page_id=4788"},"modified":"2025-05-26T10:23:02","modified_gmt":"2025-05-26T08:23:02","slug":"lesen-und-schreiben-lernen","status":"publish","type":"page","link":"https:\/\/www.lehrmittelverlag.ch\/cms\/lesen-und-schreiben-lernen\/","title":{"rendered":"Lesen und Schreiben lernen"},"content":{"rendered":"","protected":false},"excerpt":{"rendered":"","protected":false},"author":8,"featured_media":0,"parent":0,"menu_order":21,"comment_status":"closed","ping_status":"open","template":"","meta":{"_acf_changed":false,"inline_featured_image":false,"footnotes":""},"class_list":["post-4788","page","type-page","status-publish","hentry"],"acf":{"inhaltselemente":[{"acf_fc_layout":"one_col","one_col_flex_content_col_one":[{"acf_fc_layout":"text_element","text_element_":null,"text_element_text_element_titel":"Basiskompetenzen im Deutsch aufbauen mit Leseschlau und Co.","text_element_text_element_titel_typ":"2","text_element_text_element_titel_size":"","text_element_text_element_titel_fake":false,"text_element_text_element_content":"Seit Anfang Jahr sind die bew\u00e4hrten Lehrmittel von Ursula Rickli Teil des Lehrmittelverlags St.Gallen. Vor allem die Lese- und Schreiblern-Reihe Leseschlau mit den Sprechbewegungsbildern kennen Unterstufen-Lehrpersonen sehr gut \u2013 denn viele arbeiten seit Jahrzehnten damit und bringen ihren Sch\u00fclerinnen und Sch\u00fclern innert weniger Wochen Lesen und Schreiben bei.\r\n\r\nDoch haben Sie schon einmal von den anderen Lehrmitteln von Ursula Rickli geh\u00f6rt? Hier stellen wir Ihnen die Reihen H\u00f6rschlau, regelrecht und Lesestark vor. Und berichten \u00fcber Neues f\u00fcr Leseschlau:","text_element_text_element_text_size":"default"}],"one_col_bgcolor":false},{"acf_fc_layout":"text_img_element","text_element_titel":"H\u00f6rschlau: Werkstatt f\u00fcr den Kindergarten","text_element_titel_typ":"2","text_element_titel_size":"","text_element_titel_fake":false,"text_element_content":"Das Lehrmittel umfasst drei Werkst\u00e4tten mit lustvollen Spielen zu den Themen Reime, Silben und Laute, die im 2. Kindergartenjahr eingesetzt werden k\u00f6nnen. Die Werkst\u00e4tten bauen aufeinander auf. Zuerst wird die phonologische Bewusstheit im weiteren Sinne ge\u00fcbt (Reime, Silben) und erst am Schluss besch\u00e4ftigen sich die Kinder mit der phonologischen Bewusstheit im engeren Sinne, also mit den Lauten. In jedem Band werden einleitend Spiele angeboten, welche die Kinder ins Thema einf\u00fchren und gemeinsam mit der Lehrperson im Stuhlkreis gespielt werden. Danach k\u00f6nnen sich die Kinder bei der Werkstattarbeit selbst\u00e4ndig in das Thema vertiefen.","image_element_image_element_image":4894,"image_element_image_element_lightbox":false,"events_element_type_category_events_element_type_category":[],"events_element_topic_category_events_element_topic_category":[],"events_element_amount_events_element_amount":"","text_element_text_size":"default","text_img_element_spaltenbreite":"two-third-one-third","text_img_element_orientation":"default","text_img_element_bgcolor":false},{"acf_fc_layout":"akkordeon_element","akkordeon_element_items":[{"acf_fc_layout":"akkordeon_element_items_item","akkordeon_element_items_item_titel":"Mehr \u00fcber H\u00f6rschlau erfahren","akkordeon_element_items_item_content":[{"acf_fc_layout":"text_element","text_element_":null,"text_element_text_element_titel":"","text_element_text_element_titel_typ":"2","text_element_text_element_titel_size":"","text_element_text_element_titel_fake":false,"text_element_text_element_content":"Jeder Band enth\u00e4lt:\r\n- Informationen f\u00fcr Lehrpersonen zur phonologischen Bewusstheit\r\n- Hinweise zur Durchf\u00fchrung der Werkstatt\r\n- Materialien zu den 15 Posten\r\n- Werkstattpass\r\n- Postenkarten f\u00fcr Kinder\r\n- Anleitungen f\u00fcr die Lehrperson\r\n- Laminierte Materialien f\u00fcr die Spiele\r\n- Kopiervorlagen\r\n\r\n\u00dcbrigens: H\u00f6rdateien f\u00fcr die Werkst\u00e4tten finden Sie als <a href=\"https:\/\/www.lehrmittelverlag.ch\/cms\/verlag\/verlagsprogramm\/hoerschlau\">kostenlosen Download<\/a> auf unserer Verlagsseite.\r\n<a class=\"btn-arrow\" href=\"https:\/\/www.lehrmittelverlag.ch\/sortimentseiten\/lehrmittelreihen\/hoerschlau\/?filter=reihe,hoerschlau\">H\u00f6rschlau im Shop<\/a>","text_element_text_element_text_size":"default"}]}]},{"acf_fc_layout":"akkordeon_element","akkordeon_element_items":null},{"acf_fc_layout":"text_img_element","text_element_titel":"Leseschlau: Lesen und Schreiben lernen","text_element_titel_typ":"2","text_element_titel_size":"","text_element_titel_fake":false,"text_element_content":"Das Lese- und Schreiblehrmittel Leseschlau setzt auf eine intensive Lautschulung. Am Anfang des Lehrgangs stehen die Sprechbewegungsbilder. Diese zeigen die Mundstellungen der verschiedenen Sprechlaute und vermitteln den Kindern ein Bewusstsein der eigenen Sprechbewegung. Die Kinder lernen das deutliche Aussprechen der Laute, das Unterscheiden \u00e4hnlicher Laute und das Zusammenschleifen der Laute zu W\u00f6rtern. Diese Lautschulung wirkt pr\u00e4ventiv f\u00fcr lese- und rechtschreibschwache Kinder.","image_element_image_element_image":4899,"image_element_image_element_lightbox":false,"events_element_type_category_events_element_type_category":[],"events_element_topic_category_events_element_topic_category":[],"events_element_amount_events_element_amount":"","text_element_text_size":"default","text_img_element_spaltenbreite":"two-third-one-third","text_img_element_orientation":"default","text_img_element_bgcolor":false},{"acf_fc_layout":"akkordeon_element","akkordeon_element_items":[{"acf_fc_layout":"akkordeon_element_items_item","akkordeon_element_items_item_titel":"Mehr \u00fcber Leseschlau erfahren","akkordeon_element_items_item_content":[{"acf_fc_layout":"text_element","text_element_":null,"text_element_text_element_titel":"","text_element_text_element_titel_typ":"2","text_element_text_element_titel_size":"","text_element_text_element_titel_fake":false,"text_element_text_element_content":"Die Lehrmittelreihe besteht aus:\r\n- Handbuch\r\n- Lauttafeln \/ Lesekarten\r\n- Anlautbilder\r\n- Anlauttabelle\r\n- Lesetexte Auswahl 1-4\r\n- Werkst\u00e4tten \/ Arbeitspl\u00e4ne 1-4\r\n- Kopiervorlagen A und B\r\n- Schreibheft in Basisschrift\r\n- Stempelset mit allen Lautbildern\r\n- Leseschlau-App\r\n\r\n<a href=\"https:\/\/www.lehrmittelverlag.ch\/cms\/verlag\/verlagsprogramm\/leseschlau\">Kostenloses Zusatzmaterial und wichtige Hinweise<\/a> zum Lehrmittel finden Sie auf unserer Verlagsseite.\r\n\r\n<a class=\"btn-arrow\" href=\"https:\/\/www.lehrmittelverlag.ch\/sortimentseiten\/lehrmittelreihen\/leseschlau\/?filter=reihe,leseschlau\">Leseschlau im Shop<\/a>","text_element_text_element_text_size":"default"}]}]},{"acf_fc_layout":"text_img_element","text_element_titel":"regelrecht: Fehlerfrei schreiben im 2. Zyklus","text_element_titel_typ":"2","text_element_titel_size":"","text_element_titel_fake":false,"text_element_content":"Das Lehrmittel regelrecht von Ursula Rickli und Ursula K\u00e4ser-Leisibach dient der Einf\u00fchrung und Vertiefung von Rechtschreibregeln, die im Lehrplan 21 im 2. Zyklus aufgef\u00fchrt werden. Es ist kompatibel mit jedem Sprachlehrmittel und kann als Erg\u00e4nzung zu den dortigen Angeboten eingesetzt werden. Regelrecht umfasst f\u00fcnf B\u00e4nde zu folgenden Rechtschreibregeln:\r\n\r\n- ie-Regel\r\n- ck-Regel\r\n- tz-Regel\r\n- e\/\u00e4- und eu\/\u00e4u-Regel\r\n- Doppelkonsonanten-Regel","image_element_image_element_image":4901,"image_element_image_element_lightbox":false,"events_element_type_category_events_element_type_category":[],"events_element_topic_category_events_element_topic_category":[],"events_element_amount_events_element_amount":"","text_element_text_size":"default","text_img_element_spaltenbreite":"two-third-one-third","text_img_element_orientation":"default","text_img_element_bgcolor":false},{"acf_fc_layout":"akkordeon_element","akkordeon_element_items":[{"acf_fc_layout":"akkordeon_element_items_item","akkordeon_element_items_item_titel":"Mehr \u00fcber regelrecht erfahren","akkordeon_element_items_item_content":[{"acf_fc_layout":"text_element","text_element_":null,"text_element_text_element_titel":"","text_element_text_element_titel_typ":"2","text_element_text_element_titel_size":"","text_element_text_element_titel_fake":false,"text_element_text_element_content":"Die ansprechend gestalteten Materialien haben verschiedene Lernzug\u00e4nge (auditive, visuelle, motorische und kommunikative), erm\u00f6glichen das Arbeiten in unterschiedlichen Sozialformen und sind binnendifferenziert. Spiele wie Memory, Domino, W\u00fcrfelspiele, Lotto, Bingo und Puzzle sind farbig illustriert, gebrauchsfertig ausgearbeitet und laminiert. Sie m\u00fcssen nur noch unter die Schneidmaschine gelegt werden. Nebst den Lernspielen bietet regelrecht auch zahlreiche Kopiervorlagen mit Aufgaben in verschiedenen Schwierigkeitsstufen an.\r\n\r\n<a class=\"btn-arrow\" href=\"https:\/\/www.lehrmittelverlag.ch\/sortimentseiten\/lehrmittelreihen\/regelrecht\/?filter=reihe,regelrecht\">regelrecht im Shop<\/a>","text_element_text_element_text_size":"default"}]}]},{"acf_fc_layout":"text_img_element","text_element_titel":"Lesestark: DaZ f\u00fcr Erwachsene","text_element_titel_typ":"2","text_element_titel_size":"","text_element_titel_fake":false,"text_element_content":"Lesestark unterst\u00fctzt fremdsprachige Jugendliche und Erwachsene beim Lesen- und Schreibenlernen und arbeitet wie Leseschlau mit Sprechbewegungsbildern. Dank der intensiven Lautschulung am Anfang des Lehrgangs wird die Arbeit mit den Buchstaben erheblich erleichtert. Denn eine gute Lautdifferenzierung tr\u00e4gt wesentlich zu einer gefestigten Rechtschreibung bei.","image_element_image_element_image":4180,"image_element_image_element_lightbox":false,"events_element_type_category_events_element_type_category":[],"events_element_topic_category_events_element_topic_category":[],"events_element_amount_events_element_amount":"","text_element_text_size":"default","text_img_element_spaltenbreite":"two-third-one-third","text_img_element_orientation":"default","text_img_element_bgcolor":false},{"acf_fc_layout":"akkordeon_element","akkordeon_element_items":[{"acf_fc_layout":"akkordeon_element_items_item","akkordeon_element_items_item_titel":"Mehr \u00fcber Lesestark erfahren","akkordeon_element_items_item_content":[{"acf_fc_layout":"text_element","text_element_":null,"text_element_text_element_titel":"","text_element_text_element_titel_typ":"2","text_element_text_element_titel_size":"","text_element_text_element_titel_fake":false,"text_element_text_element_content":"Lesestark bietet Lesetexte an, die wichtige Themen aus dem Umfeld der Lernenden aufgreifen. Die Themen sind in einer spannenden Geschichte in vier Kapiteln verpackt. Die Erz\u00e4hlung handelt von einer Familie mit ihren Freuden und Sorgen des t\u00e4glichen Lebens. Die Materialien gibt es in drei verschiedenen Schwierigkeitsgraden, so dass sie gezielt eingesetzt werden k\u00f6nnen.\r\n\r\nDie Lehrmittelreihe besteht aus:\r\n- Handbuch\r\n- Lauttafeln \/ Lesekarten\r\n- 3 Arbeitsheften\r\n- 3 Kopiervorlagen\r\n\r\n<a class=\"btn-arrow\" href=\"https:\/\/www.lehrmittelverlag.ch\/sortimentseiten\/lehrmittelreihen\/lesestark\/?filter=reihe,lesestark\">Lesestark im Shop<\/a>","text_element_text_element_text_size":"default"}]}]}]},"yoast_head":"<!-- This site is optimized with the Yoast SEO plugin v27.4 - https:\/\/yoast.com\/product\/yoast-seo-wordpress\/ -->\n<title>Lesen und Schreiben lernen - Lehrmittelverlag St. Gallen<\/title>\n<meta name=\"description\" content=\"Lesen und Schreiben lernen - Seit Anfang Jahr sind die bew\u00e4hrten Lehrmittel von Ursula Rickli Teil des Lehrmittelverlags St.Gallen. Hier stellen wir Ihnen die Reihen H\u00f6rschlau, regelrecht und Lesestark vor.\" \/>\n<meta name=\"robots\" content=\"index, follow, max-snippet:-1, max-image-preview:large, max-video-preview:-1\" \/>\n<link rel=\"canonical\" href=\"https:\/\/lehrmittelverlag.ch\/cms\/lesen-und-schreiben-lernen\/\" \/>\n<meta property=\"og:locale\" content=\"de_DE\" \/>\n<meta property=\"og:type\" content=\"article\" \/>\n<meta property=\"og:title\" content=\"Lesen und Schreiben lernen - Lehrmittelverlag St. Gallen\" \/>\n<meta property=\"og:description\" content=\"Lesen und Schreiben lernen - Seit Anfang Jahr sind die bew\u00e4hrten Lehrmittel von Ursula Rickli Teil des Lehrmittelverlags St.Gallen. Hier stellen wir Ihnen die Reihen H\u00f6rschlau, regelrecht und Lesestark vor.\" \/>\n<meta property=\"og:url\" content=\"https:\/\/lehrmittelverlag.ch\/cms\/lesen-und-schreiben-lernen\/\" \/>\n<meta property=\"og:site_name\" content=\"Lehrmittelverlag St. Gallen\" \/>\n<meta property=\"article:publisher\" content=\"https:\/\/www.facebook.com\/LehrmittelverlagSG\/\" \/>\n<meta property=\"article:modified_time\" content=\"2025-05-26T08:23:02+00:00\" \/>\n<meta property=\"og:image\" content=\"https:\/\/www.lehrmittelverlag.ch\/cms\/wp-content\/uploads\/2022\/11\/og-image-lmvsg.png\" \/>\n\t<meta property=\"og:image:width\" content=\"1200\" \/>\n\t<meta property=\"og:image:height\" content=\"630\" \/>\n\t<meta property=\"og:image:type\" content=\"image\/png\" \/>\n<meta name=\"twitter:card\" content=\"summary_large_image\" \/>\n<meta name=\"twitter:site\" content=\"@Lehrmittel_SG\" \/>\n<meta name=\"twitter:label1\" content=\"Gesch\u00e4tzte Lesezeit\" \/>\n\t<meta name=\"twitter:data1\" content=\"5\u00a0Minuten\" \/>\n<script type=\"application\/ld+json\" class=\"yoast-schema-graph\">{\"@context\":\"https:\\\/\\\/schema.org\",\"@graph\":[{\"@type\":\"WebPage\",\"@id\":\"https:\\\/\\\/lehrmittelverlag.ch\\\/cms\\\/lesen-und-schreiben-lernen\\\/\",\"url\":\"https:\\\/\\\/lehrmittelverlag.ch\\\/cms\\\/lesen-und-schreiben-lernen\\\/\",\"name\":\"Lesen und Schreiben lernen - Lehrmittelverlag St. Gallen\",\"isPartOf\":{\"@id\":\"https:\\\/\\\/www.lehrmittelverlag.ch\\\/cms\\\/#website\"},\"datePublished\":\"2025-05-23T08:36:44+00:00\",\"dateModified\":\"2025-05-26T08:23:02+00:00\",\"description\":\"Lesen und Schreiben lernen - Seit Anfang Jahr sind die bew\u00e4hrten Lehrmittel von Ursula Rickli Teil des Lehrmittelverlags St.Gallen. Hier stellen wir Ihnen die Reihen H\u00f6rschlau, regelrecht und Lesestark vor.\",\"breadcrumb\":{\"@id\":\"https:\\\/\\\/lehrmittelverlag.ch\\\/cms\\\/lesen-und-schreiben-lernen\\\/#breadcrumb\"},\"inLanguage\":\"de-CH\",\"potentialAction\":[{\"@type\":\"ReadAction\",\"target\":[\"https:\\\/\\\/lehrmittelverlag.ch\\\/cms\\\/lesen-und-schreiben-lernen\\\/\"]}]},{\"@type\":\"BreadcrumbList\",\"@id\":\"https:\\\/\\\/lehrmittelverlag.ch\\\/cms\\\/lesen-und-schreiben-lernen\\\/#breadcrumb\",\"itemListElement\":[{\"@type\":\"ListItem\",\"position\":1,\"name\":\"Shop\",\"item\":\"\\\/\"},{\"@type\":\"ListItem\",\"position\":2,\"name\":\"Lesen und Schreiben lernen\"}]},{\"@type\":\"WebSite\",\"@id\":\"https:\\\/\\\/www.lehrmittelverlag.ch\\\/cms\\\/#website\",\"url\":\"https:\\\/\\\/www.lehrmittelverlag.ch\\\/cms\\\/\",\"name\":\"Lehrmittelverlag St. Gallen\",\"description\":\"\",\"publisher\":{\"@id\":\"https:\\\/\\\/www.lehrmittelverlag.ch\\\/cms\\\/#organization\"},\"potentialAction\":[{\"@type\":\"SearchAction\",\"target\":{\"@type\":\"EntryPoint\",\"urlTemplate\":\"https:\\\/\\\/www.lehrmittelverlag.ch\\\/cms\\\/?s={search_term_string}\"},\"query-input\":{\"@type\":\"PropertyValueSpecification\",\"valueRequired\":true,\"valueName\":\"search_term_string\"}}],\"inLanguage\":\"de-CH\"},{\"@type\":\"Organization\",\"@id\":\"https:\\\/\\\/www.lehrmittelverlag.ch\\\/cms\\\/#organization\",\"name\":\"Lehrmittelverlag St. Gallen\",\"url\":\"https:\\\/\\\/www.lehrmittelverlag.ch\\\/cms\\\/\",\"logo\":{\"@type\":\"ImageObject\",\"inLanguage\":\"de-CH\",\"@id\":\"https:\\\/\\\/www.lehrmittelverlag.ch\\\/cms\\\/#\\\/schema\\\/logo\\\/image\\\/\",\"url\":\"https:\\\/\\\/www.lehrmittelverlag.ch\\\/cms\\\/wp-content\\\/uploads\\\/2022\\\/11\\\/logo-lmvsg.png\",\"contentUrl\":\"https:\\\/\\\/www.lehrmittelverlag.ch\\\/cms\\\/wp-content\\\/uploads\\\/2022\\\/11\\\/logo-lmvsg.png\",\"width\":899,\"height\":349,\"caption\":\"Lehrmittelverlag St. Gallen\"},\"image\":{\"@id\":\"https:\\\/\\\/www.lehrmittelverlag.ch\\\/cms\\\/#\\\/schema\\\/logo\\\/image\\\/\"},\"sameAs\":[\"https:\\\/\\\/www.facebook.com\\\/LehrmittelverlagSG\\\/\",\"https:\\\/\\\/x.com\\\/Lehrmittel_SG\"]}]}<\/script>\n<!-- \/ Yoast SEO plugin. -->","yoast_head_json":{"title":"Lesen und Schreiben lernen - Lehrmittelverlag St. Gallen","description":"Lesen und Schreiben lernen - Seit Anfang Jahr sind die bew\u00e4hrten Lehrmittel von Ursula Rickli Teil des Lehrmittelverlags St.Gallen. Hier stellen wir Ihnen die Reihen H\u00f6rschlau, regelrecht und Lesestark vor.","robots":{"index":"index","follow":"follow","max-snippet":"max-snippet:-1","max-image-preview":"max-image-preview:large","max-video-preview":"max-video-preview:-1"},"canonical":"https:\/\/lehrmittelverlag.ch\/cms\/lesen-und-schreiben-lernen\/","og_locale":"de_DE","og_type":"article","og_title":"Lesen und Schreiben lernen - Lehrmittelverlag St. Gallen","og_description":"Lesen und Schreiben lernen - Seit Anfang Jahr sind die bew\u00e4hrten Lehrmittel von Ursula Rickli Teil des Lehrmittelverlags St.Gallen. Hier stellen wir Ihnen die Reihen H\u00f6rschlau, regelrecht und Lesestark vor.","og_url":"https:\/\/lehrmittelverlag.ch\/cms\/lesen-und-schreiben-lernen\/","og_site_name":"Lehrmittelverlag St. Gallen","article_publisher":"https:\/\/www.facebook.com\/LehrmittelverlagSG\/","article_modified_time":"2025-05-26T08:23:02+00:00","og_image":[{"width":1200,"height":630,"url":"https:\/\/www.lehrmittelverlag.ch\/cms\/wp-content\/uploads\/2022\/11\/og-image-lmvsg.png","type":"image\/png"}],"twitter_card":"summary_large_image","twitter_site":"@Lehrmittel_SG","twitter_misc":{"Gesch\u00e4tzte Lesezeit":"5\u00a0Minuten"},"schema":{"@context":"https:\/\/schema.org","@graph":[{"@type":"WebPage","@id":"https:\/\/lehrmittelverlag.ch\/cms\/lesen-und-schreiben-lernen\/","url":"https:\/\/lehrmittelverlag.ch\/cms\/lesen-und-schreiben-lernen\/","name":"Lesen und Schreiben lernen - Lehrmittelverlag St. Gallen","isPartOf":{"@id":"https:\/\/www.lehrmittelverlag.ch\/cms\/#website"},"datePublished":"2025-05-23T08:36:44+00:00","dateModified":"2025-05-26T08:23:02+00:00","description":"Lesen und Schreiben lernen - Seit Anfang Jahr sind die bew\u00e4hrten Lehrmittel von Ursula Rickli Teil des Lehrmittelverlags St.Gallen. Hier stellen wir Ihnen die Reihen H\u00f6rschlau, regelrecht und Lesestark vor.","breadcrumb":{"@id":"https:\/\/lehrmittelverlag.ch\/cms\/lesen-und-schreiben-lernen\/#breadcrumb"},"inLanguage":"de-CH","potentialAction":[{"@type":"ReadAction","target":["https:\/\/lehrmittelverlag.ch\/cms\/lesen-und-schreiben-lernen\/"]}]},{"@type":"BreadcrumbList","@id":"https:\/\/lehrmittelverlag.ch\/cms\/lesen-und-schreiben-lernen\/#breadcrumb","itemListElement":[{"@type":"ListItem","position":1,"name":"Shop","item":"\/"},{"@type":"ListItem","position":2,"name":"Lesen und Schreiben lernen"}]},{"@type":"WebSite","@id":"https:\/\/www.lehrmittelverlag.ch\/cms\/#website","url":"https:\/\/www.lehrmittelverlag.ch\/cms\/","name":"Lehrmittelverlag St. Gallen","description":"","publisher":{"@id":"https:\/\/www.lehrmittelverlag.ch\/cms\/#organization"},"potentialAction":[{"@type":"SearchAction","target":{"@type":"EntryPoint","urlTemplate":"https:\/\/www.lehrmittelverlag.ch\/cms\/?s={search_term_string}"},"query-input":{"@type":"PropertyValueSpecification","valueRequired":true,"valueName":"search_term_string"}}],"inLanguage":"de-CH"},{"@type":"Organization","@id":"https:\/\/www.lehrmittelverlag.ch\/cms\/#organization","name":"Lehrmittelverlag St. Gallen","url":"https:\/\/www.lehrmittelverlag.ch\/cms\/","logo":{"@type":"ImageObject","inLanguage":"de-CH","@id":"https:\/\/www.lehrmittelverlag.ch\/cms\/#\/schema\/logo\/image\/","url":"https:\/\/www.lehrmittelverlag.ch\/cms\/wp-content\/uploads\/2022\/11\/logo-lmvsg.png","contentUrl":"https:\/\/www.lehrmittelverlag.ch\/cms\/wp-content\/uploads\/2022\/11\/logo-lmvsg.png","width":899,"height":349,"caption":"Lehrmittelverlag St. Gallen"},"image":{"@id":"https:\/\/www.lehrmittelverlag.ch\/cms\/#\/schema\/logo\/image\/"},"sameAs":["https:\/\/www.facebook.com\/LehrmittelverlagSG\/","https:\/\/x.com\/Lehrmittel_SG"]}]}},"_links":{"self":[{"href":"https:\/\/www.lehrmittelverlag.ch\/cms\/wp-json\/wp\/v2\/pages\/4788","targetHints":{"allow":["GET"]}}],"collection":[{"href":"https:\/\/www.lehrmittelverlag.ch\/cms\/wp-json\/wp\/v2\/pages"}],"about":[{"href":"https:\/\/www.lehrmittelverlag.ch\/cms\/wp-json\/wp\/v2\/types\/page"}],"author":[{"embeddable":true,"href":"https:\/\/www.lehrmittelverlag.ch\/cms\/wp-json\/wp\/v2\/users\/8"}],"replies":[{"embeddable":true,"href":"https:\/\/www.lehrmittelverlag.ch\/cms\/wp-json\/wp\/v2\/comments?post=4788"}],"version-history":[{"count":10,"href":"https:\/\/www.lehrmittelverlag.ch\/cms\/wp-json\/wp\/v2\/pages\/4788\/revisions"}],"predecessor-version":[{"id":4977,"href":"https:\/\/www.lehrmittelverlag.ch\/cms\/wp-json\/wp\/v2\/pages\/4788\/revisions\/4977"}],"wp:attachment":[{"href":"https:\/\/www.lehrmittelverlag.ch\/cms\/wp-json\/wp\/v2\/media?parent=4788"}],"curies":[{"name":"wp","href":"https:\/\/api.w.org\/{rel}","templated":true}]}}