{"id":657,"date":"2023-01-19T16:01:33","date_gmt":"2023-01-19T15:01:33","guid":{"rendered":"https:\/\/lmvsg.nextag.ch\/cms\/?page_id=657"},"modified":"2024-10-13T07:16:59","modified_gmt":"2024-10-13T05:16:59","slug":"lied-und-versbuecher","status":"publish","type":"page","link":"https:\/\/www.lehrmittelverlag.ch\/cms\/verlag\/verlagsprogramm\/lied-und-versbuecher\/","title":{"rendered":"Lied- und Versb\u00fccher"},"content":{"rendered":"","protected":false},"excerpt":{"rendered":"","protected":false},"author":3,"featured_media":3702,"parent":67,"menu_order":7,"comment_status":"closed","ping_status":"closed","template":"","meta":{"_acf_changed":false,"inline_featured_image":false,"footnotes":""},"class_list":["post-657","page","type-page","status-publish","has-post-thumbnail","hentry"],"acf":{"inhaltselemente":[{"acf_fc_layout":"two_cols","two_cols_flex_content_col_one":[{"acf_fc_layout":"text_element","text_element_":null,"text_element_text_element_titel":"Lieder und Verse geh\u00f6ren zum Kindergartenalltag wie die Zn\u00fcnipause. Aus Mundartliedern und Vers(geschichten) entsteht ein Spielplatz aus Liedern und Reimen. So l\u00e4sst sich die Freude an Musik und Melodie, an Stimme und Instrument, an Spiel und Sprache entdecken.","text_element_text_element_titel_typ":"2","text_element_text_element_titel_size":"5","text_element_text_element_titel_fake":false,"text_element_text_element_content":"Alle Kinder unterschiedlichster Kulturkreise und Wurzeln haben Gemeinsamkeiten. Da ist ihr grenzenloses Staunen, ihre Ehrlichkeit, ihr freier und unverbrauchter Ideenreichtum, ihre Heiterkeit, aber auch ihr Ernst, ihr Egoismus, ihre manchmal ungefilterte Wut und die schnelle Bereitschaft, Frieden zu schliessen. Und das Wichtigste: Alle Kinder singen! Laut und leise, mit Worten, Gesten oder summend beim Spiel. Ihre Freude am musikalischen Tun ist das, was uns begeistert. Diese Philosophie und \u00fcber dreissig Jahre Unterrichtspraxis im Kindergarten haben Ursula Amsler zu diesen Lied-\u00ad und Versb\u00fcchern inspiriert.\r\n\r\nAlle Lieder inklusive Playbacks sind auch als CD oder mp3-Download-Bundle erh\u00e4ltlich.","text_element_text_element_text_size":"default"}],"two_cols_flex_content_col_two":[{"acf_fc_layout":"text_element","text_element_":null,"text_element_text_element_titel":"","text_element_text_element_titel_typ":"2","text_element_text_element_titel_size":"","text_element_text_element_titel_fake":false,"text_element_text_element_content":"<strong>Autorin<\/strong>\r\nUrsula Amsler","text_element_text_element_text_size":"text-textnoserif"}],"two_cols_bgcolor":false,"two_cols_spaltenbreite":"two-third-one-third"},{"acf_fc_layout":"two_cols","two_cols_flex_content_col_one":[{"acf_fc_layout":"akkordeon_element","akkordeon_element_items":[{"acf_fc_layout":"akkordeon_element_items_item","akkordeon_element_items_item_titel_akkordeon_element_items_item_titel":"Gl\u00fcck-Singer","akkordeon_element_items_item_content":[{"acf_fc_layout":"text_img_element","text_element_text_element_titel":"","text_element_text_element_titel_typ":"2","text_element_text_element_titel_size":"","text_element_text_element_titel_fake":false,"text_element_text_element_content":"\u00abGl\u00fcck-Singer\u00bb ist das vierte Lied- und Versbuch mit Audio-CD der Autorin Ursula Amsler und setzt die erfolgreiche Reihe mit \u00abNigel, Nagel, Neu\u00bb, \u00abCh\u00e4ferf\u00e4scht\u00bb und \u00abD'Fr\u00f6sch h\u00e4nd W\u00f6sch\u00bb fort. W\u00e4hrend der Aufnahmen f\u00fcr diese CD waren zum ersten Mal Streichinstrumente im Einsatz. Ursula Amsler ist es erneut gelungen Lieder zu komponieren und Verse zu texten, die bei den Kindern Begeisterung ausl\u00f6sen. F\u00fcr viele neue Themen sind besinnliche, lustige und auch fetzige Lieder sowie Verse und Spiele entstanden, die den Kindergartenalltag bereichern werden. Das Liederbuch eignet sich zusammen mit der Audio-CD sehr gut f\u00fcr die Arbeit im 1. Zyklus.\r\n\r\nDas neue Buch von Ursula Amsler \u00abGl\u00fcck-Singer\u00bb enth\u00e4lt zu folgenden Themen Lieder und Verse:\r\n<ul>\r\n \t<li>Titellied<\/li>\r\n \t<li>Glitzerndes<\/li>\r\n \t<li>Musik und Instrumente<\/li>\r\n \t<li>Gl\u00fccklich sein<\/li>\r\n \t<li>Fremde Kulturen<\/li>\r\n \t<li>Herbst\/Winter<\/li>\r\n \t<li>Ferienzeit<\/li>\r\n \t<li>Allt\u00e4gliches<\/li>\r\n \t<li>Besinnliches<\/li>\r\n \t<li>Feste<\/li>\r\n<\/ul>","image_element_image_element_image":662,"image_element_image_element_lightbox":true,"text_element_text_size":"default","text_img_element_spaltenbreite":"two-third-one-third","text_img_element_orientation":"default"}]},{"acf_fc_layout":"akkordeon_element_items_item","akkordeon_element_items_item_titel_akkordeon_element_items_item_titel":"Nigel, Nagel, Neu","akkordeon_element_items_item_content":[{"acf_fc_layout":"text_img_element","text_element_text_element_titel":"","text_element_text_element_titel_typ":"2","text_element_text_element_titel_size":"","text_element_text_element_titel_fake":false,"text_element_text_element_content":"\u00abNigel, Nagel, Neu\u00bb ist das dritte Lied- und Versbuch mit Audio-CD der Autorin Ursula Amsler und setzt die erfolgreiche Reihe mit \u00abCh\u00e4ferf\u00e4scht\u00bb und \u00abD'Fr\u00f6sch h\u00e4nd W\u00f6sch\u00bb fort. Ursula Amsler ist es wiederum gelungen, nigelnagelneue Lieder zu komponieren und Verse zu texten, die bei den Kindern Begeisterung ausl\u00f6sen. F\u00fcr viele neue Themen sind besinnliche, lustige und auch fetzige Lieder sowie Verse und Spiele entstanden, die den Kindergartenalltag bereichern werden. Das Liederbuch eignet sich zusammen mit der Audio-CD sehr gut f\u00fcr die Arbeit im 1. Zyklus.\r\n\r\nDas Buch \u00abNigel Nagel Neu\u00bb enth\u00e4lt zu folgenden Themen Lieder und Verse:\r\n<ul>\r\n \t<li>Guten Morgen<\/li>\r\n \t<li>Kl\u00fcpperli<\/li>\r\n \t<li>Tiere<\/li>\r\n \t<li>Farben\/Malen<\/li>\r\n \t<li>Fremde L\u00e4nder<\/li>\r\n \t<li>Frohes Zusammensein<\/li>\r\n \t<li>Abend\/Besinnliches<\/li>\r\n \t<li>Herbst\/Winter<\/li>\r\n \t<li>Essen<\/li>\r\n \t<li>Ostern<\/li>\r\n \t<li>Fasnacht\/Theater<\/li>\r\n \t<li>Muttertag<\/li>\r\n<\/ul>","image_element_image_element_image":659,"image_element_image_element_lightbox":true,"text_element_text_size":"default","text_img_element_spaltenbreite":"two-third-one-third","text_img_element_orientation":"default"}]},{"acf_fc_layout":"akkordeon_element_items_item","akkordeon_element_items_item_titel_akkordeon_element_items_item_titel":"D'Fr\u00f6sch h\u00e4nd W\u00f6sch","akkordeon_element_items_item_content":[{"acf_fc_layout":"text_img_element","text_element_text_element_titel":"","text_element_text_element_titel_typ":"2","text_element_text_element_titel_size":"","text_element_text_element_titel_fake":false,"text_element_text_element_content":"Das Mundart-Liederbuch \u00abD'Fr\u00f6sch h\u00e4nd W\u00f6sch\u00bb ist ein weiteres Versbuch der Kindergartenlehrkraft und S\u00e4ngerin Ursula Amsler. Nach dem Erfolg von \u00abCh\u00e4ferf\u00e4scht\u00bb ist es der Autorin erneut gelungen, Erfahrungen, Begebenheiten und Erlebnisse aus dem Kinderalltag auf motivierende Art zu verarbeiten. Das Liederbuch eignet sich zusammen mit der Audio-CD sehr gut f\u00fcr die Arbeit im 1. Zyklus. Die Texte und Melodien begeistern und begleiten die Kinder durch das Jahr.\r\n\r\nFarbige Kinderzeichnungen entf\u00fchren die Betrachter in die Welt der Fantasie und unterstreichen die Aussagekraft der Lieder, Verse und Spiele. Das Buch soll Eltern, P\u00e4dagoginnen und P\u00e4dagogen neue Impulse vermitteln. So sind oft mehrere Varianten der Anwendung m\u00f6glich. Ein Spiel kann auf verschiedene Arten gespielt und ein Lied so zum gesungenen Spiel werden. Neu sind die Geschichtenverse. Sie k\u00f6nnen wie eine kleine Geschichte erz\u00e4hlt oder vorgelesen werden.\r\n\r\nDas Buch \u00abD'Fr\u00f6sch h\u00e4nd W\u00f6sch\u00bb enth\u00e4lt zu folgenden Themen Lieder und Verse:\r\n<ul>\r\n \t<li>Kindergartentag<\/li>\r\n \t<li>Stimmungen<\/li>\r\n \t<li>Tiere<\/li>\r\n \t<li>Handwerker<\/li>\r\n \t<li>Natur<\/li>\r\n \t<li>M\u00e4rchenwelt<\/li>\r\n \t<li>Sinnfreies<\/li>\r\n \t<li>Abend\/Himmel<\/li>\r\n \t<li>Jahresfeste<\/li>\r\n<\/ul>","image_element_image_element_image":660,"image_element_image_element_lightbox":true,"text_element_text_size":"default","text_img_element_spaltenbreite":"two-third-one-third","text_img_element_orientation":"default"}]},{"acf_fc_layout":"akkordeon_element_items_item","akkordeon_element_items_item_titel_akkordeon_element_items_item_titel":"Ch\u00e4ferfescht","akkordeon_element_items_item_content":[{"acf_fc_layout":"text_img_element","text_element_text_element_titel":"","text_element_text_element_titel_typ":"2","text_element_text_element_titel_size":"","text_element_text_element_titel_fake":false,"text_element_text_element_content":"Das bunt gestaltete Buch bietet einen faszinierenden Einblick in den Kindergartenalltag. Farbige Kinderzeichnungen entf\u00fchren die Betrachterin oder den Betrachter in die Welt der Fantasie und unterstreichen die Aussagekraft der Lieder und Verse.\r\n\r\nDas Buch \u00abCh\u00e4ferf\u00e4scht\u00bb enth\u00e4lt zu folgenden Themen Lieder und Verse:\r\n<ul>\r\n \t<li>Morgen\/Begr\u00fcssung<\/li>\r\n \t<li>Zn\u00fcni<\/li>\r\n \t<li>Verabschieden<\/li>\r\n \t<li>Abend<\/li>\r\n \t<li>Kindergartentag<\/li>\r\n \t<li>Spielen<\/li>\r\n \t<li>Sonne<\/li>\r\n \t<li>Natur<\/li>\r\n \t<li>Lustiges und Sinnfreies<\/li>\r\n<\/ul>","image_element_image_element_image":661,"image_element_image_element_lightbox":true,"text_element_text_size":"default","text_img_element_spaltenbreite":"two-third-one-third","text_img_element_orientation":"default"}]}]}],"two_cols_flex_content_col_two":null,"two_cols_bgcolor":false,"two_cols_spaltenbreite":"two-third-one-third"},{"acf_fc_layout":"one_col","one_col_flex_content_col_one":[{"acf_fc_layout":"text_img_element","text_img_element_text":null,"text_img_element_text_element_titel":"Lied- und Versb\u00fccher","text_img_element_text_element_titel_typ":"3","text_img_element_text_element_titel_size":"","text_img_element_text_element_titel_fake":false,"text_img_element_text_element_content":"<p class=\"paragraph-noserif\"><strong>Kindergarten<\/strong>\r\n<strong>Primarstufe 1. \u2013 2. Klasse\r\n4- bis 8-J\u00e4hrige<\/strong><\/p>\r\nLieder und Verse geh\u00f6ren zum Kindergartenalltag wie die Zn\u00fcnipause. Die Lied- und Versb\u00fccher von Ursula Amsler laden ein, die Freude an Musik, Spiel und Sprache zu entdecken.\r\n\r\n<a class=\"btn-arrow\" href=\"\/Sortimentseiten\/Lehrmittelreihen\/lied-und-versbuecher\/?filter=reihe,lied-und-versbuecher\" target=\"_blank\" rel=\"noopener\">Zum Shop<\/a>","text_img_element_bild":null,"text_img_element_image_element_image_element_image_element_image":662,"text_img_element_image_element_image_element_image_element_lightbox":false,"text_img_element_events":null,"text_img_element_events_element_type_category_events_element_type_category_events_element_type_category":[],"text_img_element_events_element_topic_category_events_element_topic_category_events_element_topic_category":[],"text_img_element_events_element_amount_events_element_amount_events_element_amount":"","text_img_element_":null,"text_img_element_text_element_text_size":"default","text_img_element_text_img_element_spaltenbreite":"default","text_img_element_text_img_element_orientation":"default"}],"one_col_bgcolor":true},{"acf_fc_layout":"two_cols","two_cols_flex_content_col_one":[{"acf_fc_layout":"akkordeon_element","akkordeon_element_items":[{"acf_fc_layout":"akkordeon_element_items_item","akkordeon_element_items_item_titel_akkordeon_element_items_item_titel":"Weiterf\u00fchrende Links","akkordeon_element_items_item_content":[{"acf_fc_layout":"text_element","text_element_":null,"text_element_text_element_titel":"","text_element_text_element_titel_typ":"2","text_element_text_element_titel_size":"","text_element_text_element_titel_fake":false,"text_element_text_element_content":"<a class=\"btn-arrow--up\" href=\"https:\/\/www.tagblatt.ch\/ostschweiz\/stgallen\/ursula-amslers-viertes-liedbuch-ist-da-gossauer-kinder-sind-die-glueck-singer-ld.2289655?reduced=true\" target=\"_blank\" rel=\"noopener\">Tagblatt: Gossauer Erstkl\u00e4ssler sind die \u00abGl\u00fcck-Singer\u00bb<\/a>\r\n\r\n<a class=\"btn-arrow--up\" href=\"https:\/\/gossau24.ch\/articles\/132343-tosender-applaus-fuer-sgf22-kindergarten-konzert\" target=\"_blank\" rel=\"noopener\">Gossau24: Tosender Applaus f\u00fcr sgf22-Kindergarten-Konzert<\/a>\r\n\r\nhttps:\/\/youtu.be\/EhEH20HgFQU","text_element_text_element_text_size":"default"}]},{"acf_fc_layout":"akkordeon_element_items_item","akkordeon_element_items_item_titel_akkordeon_element_items_item_titel":"Downloads","akkordeon_element_items_item_content":[{"acf_fc_layout":"text_element","text_element_":null,"text_element_text_element_titel":"","text_element_text_element_titel_typ":"2","text_element_text_element_titel_size":"","text_element_text_element_titel_fake":false,"text_element_text_element_content":"Alle Lieder inklusive Playbacks sind auch als CD oder mp3-Download-Bundle erh\u00e4ltlich.\r\n\r\n<a class=\"btn-arrow\" href=\"\/Sortimentseiten\/Lehrmittelreihen\/lied-und-versbuecher\/?filter=reihe,lied-und-versbuecher\" target=\"_blank\" rel=\"noopener\">Zum Shop<\/a>\r\n\r\n&nbsp;","text_element_text_element_text_size":"default"}]}]}],"two_cols_flex_content_col_two":null,"two_cols_bgcolor":false,"two_cols_spaltenbreite":"two-third-one-third"}]},"yoast_head":"<!-- This site is optimized with the Yoast SEO plugin v27.3 - https:\/\/yoast.com\/product\/yoast-seo-wordpress\/ -->\n<title>Lied- und Versb\u00fccher - Lehrmittelverlag St. Gallen<\/title>\n<meta name=\"description\" content=\"Lied- und Versb\u00fccher - Der Lehrmittelverlag St.Gallen mit Sitz in Rorschach ist eine Abteilung des kantonalen Bildungsdepartements im Amt f\u00fcr Volksschule. Der Lehrmittelverlag St.Gallen ist die Verbindungsstelle zwischen Bildungspolitik und Lernmedien f\u00fcr die Volksschule.\" \/>\n<meta name=\"robots\" content=\"index, follow, max-snippet:-1, max-image-preview:large, max-video-preview:-1\" \/>\n<link rel=\"canonical\" href=\"https:\/\/www.lehrmittelverlag.ch\/cms\/verlag\/verlagsprogramm\/lied-und-versbuecher\/\" \/>\n<meta property=\"og:locale\" content=\"de_DE\" \/>\n<meta property=\"og:type\" content=\"article\" \/>\n<meta property=\"og:title\" content=\"Lied- und Versb\u00fccher - Lehrmittelverlag St. Gallen\" \/>\n<meta property=\"og:description\" content=\"Lied- und Versb\u00fccher - Der Lehrmittelverlag St.Gallen mit Sitz in Rorschach ist eine Abteilung des kantonalen Bildungsdepartements im Amt f\u00fcr Volksschule. Der Lehrmittelverlag St.Gallen ist die Verbindungsstelle zwischen Bildungspolitik und Lernmedien f\u00fcr die Volksschule.\" \/>\n<meta property=\"og:url\" content=\"https:\/\/www.lehrmittelverlag.ch\/cms\/verlag\/verlagsprogramm\/lied-und-versbuecher\/\" \/>\n<meta property=\"og:site_name\" content=\"Lehrmittelverlag St. Gallen\" \/>\n<meta property=\"article:publisher\" content=\"https:\/\/www.facebook.com\/LehrmittelverlagSG\/\" \/>\n<meta property=\"article:modified_time\" content=\"2024-10-13T05:16:59+00:00\" \/>\n<meta property=\"og:image\" content=\"https:\/\/www.lehrmittelverlag.ch\/cms\/wp-content\/uploads\/2024\/10\/Lied-und-Versbuecher.jpg\" \/>\n\t<meta property=\"og:image:width\" content=\"500\" \/>\n\t<meta property=\"og:image:height\" content=\"500\" \/>\n\t<meta property=\"og:image:type\" content=\"image\/jpeg\" \/>\n<meta name=\"twitter:card\" content=\"summary_large_image\" \/>\n<meta name=\"twitter:site\" content=\"@Lehrmittel_SG\" \/>\n<meta name=\"twitter:label1\" content=\"Gesch\u00e4tzte Lesezeit\" \/>\n\t<meta name=\"twitter:data1\" content=\"5\u00a0Minuten\" \/>\n<script type=\"application\/ld+json\" class=\"yoast-schema-graph\">{\"@context\":\"https:\\\/\\\/schema.org\",\"@graph\":[{\"@type\":\"WebPage\",\"@id\":\"https:\\\/\\\/www.lehrmittelverlag.ch\\\/cms\\\/verlag\\\/verlagsprogramm\\\/lied-und-versbuecher\\\/\",\"url\":\"https:\\\/\\\/www.lehrmittelverlag.ch\\\/cms\\\/verlag\\\/verlagsprogramm\\\/lied-und-versbuecher\\\/\",\"name\":\"Lied- und Versb\u00fccher - Lehrmittelverlag St. Gallen\",\"isPartOf\":{\"@id\":\"https:\\\/\\\/www.lehrmittelverlag.ch\\\/cms\\\/#website\"},\"primaryImageOfPage\":{\"@id\":\"https:\\\/\\\/www.lehrmittelverlag.ch\\\/cms\\\/verlag\\\/verlagsprogramm\\\/lied-und-versbuecher\\\/#primaryimage\"},\"image\":{\"@id\":\"https:\\\/\\\/www.lehrmittelverlag.ch\\\/cms\\\/verlag\\\/verlagsprogramm\\\/lied-und-versbuecher\\\/#primaryimage\"},\"thumbnailUrl\":\"https:\\\/\\\/www.lehrmittelverlag.ch\\\/cms\\\/wp-content\\\/uploads\\\/2024\\\/10\\\/Lied-und-Versbuecher.jpg\",\"datePublished\":\"2023-01-19T15:01:33+00:00\",\"dateModified\":\"2024-10-13T05:16:59+00:00\",\"description\":\"Lied- und Versb\u00fccher - Der Lehrmittelverlag St.Gallen mit Sitz in Rorschach ist eine Abteilung des kantonalen Bildungsdepartements im Amt f\u00fcr Volksschule. Der Lehrmittelverlag St.Gallen ist die Verbindungsstelle zwischen Bildungspolitik und Lernmedien f\u00fcr die Volksschule.\",\"breadcrumb\":{\"@id\":\"https:\\\/\\\/www.lehrmittelverlag.ch\\\/cms\\\/verlag\\\/verlagsprogramm\\\/lied-und-versbuecher\\\/#breadcrumb\"},\"inLanguage\":\"de-CH\",\"potentialAction\":[{\"@type\":\"ReadAction\",\"target\":[\"https:\\\/\\\/www.lehrmittelverlag.ch\\\/cms\\\/verlag\\\/verlagsprogramm\\\/lied-und-versbuecher\\\/\"]}]},{\"@type\":\"ImageObject\",\"inLanguage\":\"de-CH\",\"@id\":\"https:\\\/\\\/www.lehrmittelverlag.ch\\\/cms\\\/verlag\\\/verlagsprogramm\\\/lied-und-versbuecher\\\/#primaryimage\",\"url\":\"https:\\\/\\\/www.lehrmittelverlag.ch\\\/cms\\\/wp-content\\\/uploads\\\/2024\\\/10\\\/Lied-und-Versbuecher.jpg\",\"contentUrl\":\"https:\\\/\\\/www.lehrmittelverlag.ch\\\/cms\\\/wp-content\\\/uploads\\\/2024\\\/10\\\/Lied-und-Versbuecher.jpg\",\"width\":500,\"height\":500,\"caption\":\"Lied- und Versb\u00fccher\"},{\"@type\":\"BreadcrumbList\",\"@id\":\"https:\\\/\\\/www.lehrmittelverlag.ch\\\/cms\\\/verlag\\\/verlagsprogramm\\\/lied-und-versbuecher\\\/#breadcrumb\",\"itemListElement\":[{\"@type\":\"ListItem\",\"position\":1,\"name\":\"Shop\",\"item\":\"\\\/\"},{\"@type\":\"ListItem\",\"position\":2,\"name\":\"Verlag\",\"item\":\"https:\\\/\\\/www.lehrmittelverlag.ch\\\/cms\\\/verlag\\\/\"},{\"@type\":\"ListItem\",\"position\":3,\"name\":\"Verlagsprogramm\",\"item\":\"https:\\\/\\\/www.lehrmittelverlag.ch\\\/cms\\\/verlag\\\/verlagsprogramm\\\/\"},{\"@type\":\"ListItem\",\"position\":4,\"name\":\"Lied- und Versb\u00fccher\"}]},{\"@type\":\"WebSite\",\"@id\":\"https:\\\/\\\/www.lehrmittelverlag.ch\\\/cms\\\/#website\",\"url\":\"https:\\\/\\\/www.lehrmittelverlag.ch\\\/cms\\\/\",\"name\":\"Lehrmittelverlag St. Gallen\",\"description\":\"\",\"publisher\":{\"@id\":\"https:\\\/\\\/www.lehrmittelverlag.ch\\\/cms\\\/#organization\"},\"potentialAction\":[{\"@type\":\"SearchAction\",\"target\":{\"@type\":\"EntryPoint\",\"urlTemplate\":\"https:\\\/\\\/www.lehrmittelverlag.ch\\\/cms\\\/?s={search_term_string}\"},\"query-input\":{\"@type\":\"PropertyValueSpecification\",\"valueRequired\":true,\"valueName\":\"search_term_string\"}}],\"inLanguage\":\"de-CH\"},{\"@type\":\"Organization\",\"@id\":\"https:\\\/\\\/www.lehrmittelverlag.ch\\\/cms\\\/#organization\",\"name\":\"Lehrmittelverlag St. Gallen\",\"url\":\"https:\\\/\\\/www.lehrmittelverlag.ch\\\/cms\\\/\",\"logo\":{\"@type\":\"ImageObject\",\"inLanguage\":\"de-CH\",\"@id\":\"https:\\\/\\\/www.lehrmittelverlag.ch\\\/cms\\\/#\\\/schema\\\/logo\\\/image\\\/\",\"url\":\"https:\\\/\\\/www.lehrmittelverlag.ch\\\/cms\\\/wp-content\\\/uploads\\\/2022\\\/11\\\/logo-lmvsg.png\",\"contentUrl\":\"https:\\\/\\\/www.lehrmittelverlag.ch\\\/cms\\\/wp-content\\\/uploads\\\/2022\\\/11\\\/logo-lmvsg.png\",\"width\":899,\"height\":349,\"caption\":\"Lehrmittelverlag St. Gallen\"},\"image\":{\"@id\":\"https:\\\/\\\/www.lehrmittelverlag.ch\\\/cms\\\/#\\\/schema\\\/logo\\\/image\\\/\"},\"sameAs\":[\"https:\\\/\\\/www.facebook.com\\\/LehrmittelverlagSG\\\/\",\"https:\\\/\\\/x.com\\\/Lehrmittel_SG\"]}]}<\/script>\n<!-- \/ Yoast SEO plugin. -->","yoast_head_json":{"title":"Lied- und Versb\u00fccher - Lehrmittelverlag St. Gallen","description":"Lied- und Versb\u00fccher - Der Lehrmittelverlag St.Gallen mit Sitz in Rorschach ist eine Abteilung des kantonalen Bildungsdepartements im Amt f\u00fcr Volksschule. Der Lehrmittelverlag St.Gallen ist die Verbindungsstelle zwischen Bildungspolitik und Lernmedien f\u00fcr die Volksschule.","robots":{"index":"index","follow":"follow","max-snippet":"max-snippet:-1","max-image-preview":"max-image-preview:large","max-video-preview":"max-video-preview:-1"},"canonical":"https:\/\/www.lehrmittelverlag.ch\/cms\/verlag\/verlagsprogramm\/lied-und-versbuecher\/","og_locale":"de_DE","og_type":"article","og_title":"Lied- und Versb\u00fccher - Lehrmittelverlag St. Gallen","og_description":"Lied- und Versb\u00fccher - Der Lehrmittelverlag St.Gallen mit Sitz in Rorschach ist eine Abteilung des kantonalen Bildungsdepartements im Amt f\u00fcr Volksschule. Der Lehrmittelverlag St.Gallen ist die Verbindungsstelle zwischen Bildungspolitik und Lernmedien f\u00fcr die Volksschule.","og_url":"https:\/\/www.lehrmittelverlag.ch\/cms\/verlag\/verlagsprogramm\/lied-und-versbuecher\/","og_site_name":"Lehrmittelverlag St. Gallen","article_publisher":"https:\/\/www.facebook.com\/LehrmittelverlagSG\/","article_modified_time":"2024-10-13T05:16:59+00:00","og_image":[{"width":500,"height":500,"url":"https:\/\/www.lehrmittelverlag.ch\/cms\/wp-content\/uploads\/2024\/10\/Lied-und-Versbuecher.jpg","type":"image\/jpeg"}],"twitter_card":"summary_large_image","twitter_site":"@Lehrmittel_SG","twitter_misc":{"Gesch\u00e4tzte Lesezeit":"5\u00a0Minuten"},"schema":{"@context":"https:\/\/schema.org","@graph":[{"@type":"WebPage","@id":"https:\/\/www.lehrmittelverlag.ch\/cms\/verlag\/verlagsprogramm\/lied-und-versbuecher\/","url":"https:\/\/www.lehrmittelverlag.ch\/cms\/verlag\/verlagsprogramm\/lied-und-versbuecher\/","name":"Lied- und Versb\u00fccher - Lehrmittelverlag St. Gallen","isPartOf":{"@id":"https:\/\/www.lehrmittelverlag.ch\/cms\/#website"},"primaryImageOfPage":{"@id":"https:\/\/www.lehrmittelverlag.ch\/cms\/verlag\/verlagsprogramm\/lied-und-versbuecher\/#primaryimage"},"image":{"@id":"https:\/\/www.lehrmittelverlag.ch\/cms\/verlag\/verlagsprogramm\/lied-und-versbuecher\/#primaryimage"},"thumbnailUrl":"https:\/\/www.lehrmittelverlag.ch\/cms\/wp-content\/uploads\/2024\/10\/Lied-und-Versbuecher.jpg","datePublished":"2023-01-19T15:01:33+00:00","dateModified":"2024-10-13T05:16:59+00:00","description":"Lied- und Versb\u00fccher - Der Lehrmittelverlag St.Gallen mit Sitz in Rorschach ist eine Abteilung des kantonalen Bildungsdepartements im Amt f\u00fcr Volksschule. Der Lehrmittelverlag St.Gallen ist die Verbindungsstelle zwischen Bildungspolitik und Lernmedien f\u00fcr die Volksschule.","breadcrumb":{"@id":"https:\/\/www.lehrmittelverlag.ch\/cms\/verlag\/verlagsprogramm\/lied-und-versbuecher\/#breadcrumb"},"inLanguage":"de-CH","potentialAction":[{"@type":"ReadAction","target":["https:\/\/www.lehrmittelverlag.ch\/cms\/verlag\/verlagsprogramm\/lied-und-versbuecher\/"]}]},{"@type":"ImageObject","inLanguage":"de-CH","@id":"https:\/\/www.lehrmittelverlag.ch\/cms\/verlag\/verlagsprogramm\/lied-und-versbuecher\/#primaryimage","url":"https:\/\/www.lehrmittelverlag.ch\/cms\/wp-content\/uploads\/2024\/10\/Lied-und-Versbuecher.jpg","contentUrl":"https:\/\/www.lehrmittelverlag.ch\/cms\/wp-content\/uploads\/2024\/10\/Lied-und-Versbuecher.jpg","width":500,"height":500,"caption":"Lied- und Versb\u00fccher"},{"@type":"BreadcrumbList","@id":"https:\/\/www.lehrmittelverlag.ch\/cms\/verlag\/verlagsprogramm\/lied-und-versbuecher\/#breadcrumb","itemListElement":[{"@type":"ListItem","position":1,"name":"Shop","item":"\/"},{"@type":"ListItem","position":2,"name":"Verlag","item":"https:\/\/www.lehrmittelverlag.ch\/cms\/verlag\/"},{"@type":"ListItem","position":3,"name":"Verlagsprogramm","item":"https:\/\/www.lehrmittelverlag.ch\/cms\/verlag\/verlagsprogramm\/"},{"@type":"ListItem","position":4,"name":"Lied- und Versb\u00fccher"}]},{"@type":"WebSite","@id":"https:\/\/www.lehrmittelverlag.ch\/cms\/#website","url":"https:\/\/www.lehrmittelverlag.ch\/cms\/","name":"Lehrmittelverlag St. Gallen","description":"","publisher":{"@id":"https:\/\/www.lehrmittelverlag.ch\/cms\/#organization"},"potentialAction":[{"@type":"SearchAction","target":{"@type":"EntryPoint","urlTemplate":"https:\/\/www.lehrmittelverlag.ch\/cms\/?s={search_term_string}"},"query-input":{"@type":"PropertyValueSpecification","valueRequired":true,"valueName":"search_term_string"}}],"inLanguage":"de-CH"},{"@type":"Organization","@id":"https:\/\/www.lehrmittelverlag.ch\/cms\/#organization","name":"Lehrmittelverlag St. Gallen","url":"https:\/\/www.lehrmittelverlag.ch\/cms\/","logo":{"@type":"ImageObject","inLanguage":"de-CH","@id":"https:\/\/www.lehrmittelverlag.ch\/cms\/#\/schema\/logo\/image\/","url":"https:\/\/www.lehrmittelverlag.ch\/cms\/wp-content\/uploads\/2022\/11\/logo-lmvsg.png","contentUrl":"https:\/\/www.lehrmittelverlag.ch\/cms\/wp-content\/uploads\/2022\/11\/logo-lmvsg.png","width":899,"height":349,"caption":"Lehrmittelverlag St. Gallen"},"image":{"@id":"https:\/\/www.lehrmittelverlag.ch\/cms\/#\/schema\/logo\/image\/"},"sameAs":["https:\/\/www.facebook.com\/LehrmittelverlagSG\/","https:\/\/x.com\/Lehrmittel_SG"]}]}},"_links":{"self":[{"href":"https:\/\/www.lehrmittelverlag.ch\/cms\/wp-json\/wp\/v2\/pages\/657","targetHints":{"allow":["GET"]}}],"collection":[{"href":"https:\/\/www.lehrmittelverlag.ch\/cms\/wp-json\/wp\/v2\/pages"}],"about":[{"href":"https:\/\/www.lehrmittelverlag.ch\/cms\/wp-json\/wp\/v2\/types\/page"}],"author":[{"embeddable":true,"href":"https:\/\/www.lehrmittelverlag.ch\/cms\/wp-json\/wp\/v2\/users\/3"}],"replies":[{"embeddable":true,"href":"https:\/\/www.lehrmittelverlag.ch\/cms\/wp-json\/wp\/v2\/comments?post=657"}],"version-history":[{"count":45,"href":"https:\/\/www.lehrmittelverlag.ch\/cms\/wp-json\/wp\/v2\/pages\/657\/revisions"}],"predecessor-version":[{"id":1856,"href":"https:\/\/www.lehrmittelverlag.ch\/cms\/wp-json\/wp\/v2\/pages\/657\/revisions\/1856"}],"up":[{"embeddable":true,"href":"https:\/\/www.lehrmittelverlag.ch\/cms\/wp-json\/wp\/v2\/pages\/67"}],"wp:featuredmedia":[{"embeddable":true,"href":"https:\/\/www.lehrmittelverlag.ch\/cms\/wp-json\/wp\/v2\/media\/3702"}],"wp:attachment":[{"href":"https:\/\/www.lehrmittelverlag.ch\/cms\/wp-json\/wp\/v2\/media?parent=657"}],"curies":[{"name":"wp","href":"https:\/\/api.w.org\/{rel}","templated":true}]}}