{"id":911,"date":"2023-01-25T15:12:44","date_gmt":"2023-01-25T14:12:44","guid":{"rendered":"https:\/\/www.lehrmittelverlag.ch\/cms\/?page_id=911"},"modified":"2025-11-01T06:23:51","modified_gmt":"2025-11-01T05:23:51","slug":"textilart","status":"publish","type":"page","link":"https:\/\/www.lehrmittelverlag.ch\/cms\/verlag\/verlagsprogramm\/textilart\/","title":{"rendered":"textilart"},"content":{"rendered":"","protected":false},"excerpt":{"rendered":"","protected":false},"author":3,"featured_media":3687,"parent":67,"menu_order":7,"comment_status":"closed","ping_status":"closed","template":"","meta":{"_acf_changed":false,"inline_featured_image":false,"footnotes":""},"class_list":["post-911","page","type-page","status-publish","has-post-thumbnail","hentry"],"acf":{"inhaltselemente":[{"acf_fc_layout":"text_element","text_element_titel":"Hinweis!","text_element_titel_typ":"2","text_element_titel_size":"","text_element_titel_fake":false,"text_element_titel_icon":"","text_element_content":"<strong>Das Lehrmittel Textilart ist vegriffen und kann nicht mehr erworben werden.\r\n<\/strong><strong>Bereits erworbene Downloads bleiben bis auf weiteres bestehen.<\/strong>\r\n\r\n&nbsp;\r\n\r\n<hr \/>\r\n\r\n&nbsp;","text_element_bgcolor":false,"text_element_text_size":"default"},{"acf_fc_layout":"two_cols","two_cols_flex_content_col_one":[{"acf_fc_layout":"text_element","text_element_":null,"text_element_text_element_titel":"","text_element_text_element_titel_typ":"2","text_element_text_element_titel_size":"5","text_element_text_element_titel_fake":false,"text_element_text_element_content":"<strong>Als Nachschlagewerk und zur Inspiration bereichert \u00abtextilart\u00bb das Fach Textiles Gestalten. Das Lehrmittel ist auf den Lehrplan 21 abgestimmt und fokussiert den Projektunterricht auf der Oberstufe.<\/strong>\r\n\r\nDer Unterricht im textilen Gestalten erm\u00f6glicht den Lernenden, sich ein Basiswissen \u00fcber textile Verfahren zu erarbeiten. Auf dieser Grundlage werden eigenst\u00e4ndige textile Objekte entwickelt und individuelle Gestaltungsprozesse verfolgt. Der Unterricht basiert auf einer Wechselwirkung zwischen praktischem und theoretischem Lernen.\r\n\r\nDie hohe Selbstbestimmung der Lern-\u00ad und Arbeitsprozesse motiviert die Lernenden und ist zugleich ein wesentliches Bildungsziel. Auf diese Weise werden analytische F\u00e4higkeiten gef\u00f6rdert, das Selbstwertgef\u00fchl wird gest\u00e4rkt und die eigene Intuition sensibilisiert.\r\n\r\n<img class=\"size-medium wp-image-917 alignnone\" src=\"https:\/\/www.lehrmittelverlag.ch\/cms\/wp-content\/uploads\/2023\/01\/lmvsg-textilart-innen-offen-300x225.jpg\" alt=\"\" width=\"300\" height=\"225\" \/> <img class=\"size-medium wp-image-920 alignleft\" src=\"https:\/\/www.lehrmittelverlag.ch\/cms\/wp-content\/uploads\/2023\/01\/lmvsg-textilart-innenseiten-300x225.jpg\" alt=\"Buch textilart\" width=\"300\" height=\"225\" \/>","text_element_text_element_text_size":"default"}],"two_cols_flex_content_col_two":[{"acf_fc_layout":"text_element","text_element_":null,"text_element_text_element_titel":"","text_element_text_element_titel_typ":"2","text_element_text_element_titel_size":"","text_element_text_element_titel_fake":false,"text_element_text_element_content":"<strong>Autorinnen<\/strong>\r\nLuzia Frei, Antoinette Buergi","text_element_text_element_text_size":"text-textnoserif"}],"two_cols_bgcolor":false,"two_cols_spaltenbreite":"two-third-one-third"},{"acf_fc_layout":"two_cols","two_cols_flex_content_col_one":[{"acf_fc_layout":"akkordeon_element","akkordeon_element_items":[{"acf_fc_layout":"akkordeon_element_items_item","akkordeon_element_items_item_titel_akkordeon_element_items_item_titel":"Didaktisch-methodischer Ansatz","akkordeon_element_items_item_content":[{"acf_fc_layout":"text_element","text_element_":null,"text_element_text_element_titel":"","text_element_text_element_titel_typ":"2","text_element_text_element_titel_size":"","text_element_text_element_titel_fake":false,"text_element_text_element_content":"Einen weiteren Schwerpunkt bildet der Bezug zu Kunst und Design im Zusammenspiel mit verschiedenen textilen Verfahren. Was und wie gestalten Kulturschaffende? Wie werden Kunstobjekte in Szene gesetzt? Fragen inspirieren Lehrpersonen und Lernende zu eigenem gestalterischen Denken, Planen und Handeln. Methodisch-\u00addidaktische Anregungen helfen, Verfahren einzuf\u00fchren und zu vereinfachen. Weiter werden Schritte zum projektbezogenen Unterricht aufgezeigt. In einzelnen Kapiteln wird jeweils ein Thema ausf\u00fchrlich beschrieben. Zahlreiche Zusatzinformationen und praktische Hinweise erg\u00e4nzen das Lehrmittel.","text_element_text_element_text_size":"default"}]},{"acf_fc_layout":"akkordeon_element_items_item","akkordeon_element_items_item_titel_akkordeon_element_items_item_titel":"Lehrpersonenkommentar","akkordeon_element_items_item_content":[{"acf_fc_layout":"text_element","text_element_":null,"text_element_text_element_titel":"","text_element_text_element_titel_typ":"2","text_element_text_element_titel_size":"","text_element_text_element_titel_fake":false,"text_element_text_element_content":"Der \u00abKommentar f\u00fcr Lehrpersonen\u00bb von \u00abtextilart\u00bb ist aufw\u00e4ndig und \u00fcbersichtlich gestaltet und strukturiert. Er enth\u00e4lt methodisch-didaktische Anregungen, welche die Einf\u00fchrung der Verfahren aufzeigen und vereinfachen sollen. Weiter werden Schritte zum projektbezogenen Unterricht aufgezeigt. In den Kapiteln werden das jeweilige Thema umfassend beschrieben und viele zus\u00e4tzliche Informationen und praktische Hinweise angeboten.\r\n\r\nDer Kommentar unterteilt sich in folgende Kapitel:\r\n<ul>\r\n \t<li>P\u00e4dagogisch-didaktische \u00dcberlegungen<\/li>\r\n \t<li>Entwerfen, Gestalten und Planen<\/li>\r\n \t<li>H\u00e4keln<\/li>\r\n \t<li>Stricken<\/li>\r\n \t<li>Filzen<\/li>\r\n \t<li>Weben<\/li>\r\n \t<li>Sticken<\/li>\r\n \t<li>Malen,Drucken, F\u00e4rben<\/li>\r\n \t<li>N\u00e4hen<\/li>\r\n \t<li>Material<\/li>\r\n<\/ul>","text_element_text_element_text_size":"default"}]}]}],"two_cols_flex_content_col_two":null,"two_cols_bgcolor":false,"two_cols_spaltenbreite":"two-third-one-third"},{"acf_fc_layout":"one_col","one_col_flex_content_col_one":[{"acf_fc_layout":"text_img_element","text_img_element_text":null,"text_img_element_text_element_titel":"textilart","text_img_element_text_element_titel_typ":"3","text_img_element_text_element_titel_size":"","text_img_element_text_element_titel_fake":false,"text_img_element_text_element_content":"<p class=\"paragraph-noserif\"><strong>Textiles und technisches Gestalten<\/strong>\r\n<strong>Oberstufe 1. \u2013 3. Klasse<\/strong><\/p>\r\n\u00abtextilart\u00bb ist vergriffen und kann nicht mehr erworben werden.","text_img_element_bild":null,"text_img_element_image_element_image_element_image_element_image":918,"text_img_element_image_element_image_element_image_element_lightbox":false,"text_img_element_events":null,"text_img_element_events_element_type_category_events_element_type_category_events_element_type_category":[],"text_img_element_events_element_topic_category_events_element_topic_category_events_element_topic_category":[],"text_img_element_events_element_amount_events_element_amount_events_element_amount":"","text_img_element_":null,"text_img_element_text_element_text_size":"default","text_img_element_text_img_element_spaltenbreite":"default","text_img_element_text_img_element_orientation":"default"}],"one_col_bgcolor":true},{"acf_fc_layout":"two_cols","two_cols_flex_content_col_one":[{"acf_fc_layout":"akkordeon_element","akkordeon_element_items":[{"acf_fc_layout":"akkordeon_element_items_item","akkordeon_element_items_item_titel_akkordeon_element_items_item_titel":"Downloads","akkordeon_element_items_item_content":[{"acf_fc_layout":"text_element","text_element_":null,"text_element_text_element_titel":"","text_element_text_element_titel_typ":"2","text_element_text_element_titel_size":"","text_element_text_element_titel_fake":false,"text_element_text_element_content":"Bereits erworbene Downloads bleiben bis auf weiteres bestehen. Neue Downloads sind vergriffen und k\u00f6nnen nicht mehr erworben werden.\r\n<ul>\r\n \t<li>Downloadbereich Basic: mehr als 100 Arbeits-\u00ad und Anleitungsbl\u00e4tter<\/li>\r\n \t<li>Downloadbereich Plus: unterschiedliche Projekte mit einem Dossier f\u00fcr Lernende und einem didaktischen Teil f\u00fcr Lehrpersonen<\/li>\r\n<\/ul>","text_element_text_element_text_size":"default"}]}]}],"two_cols_flex_content_col_two":null,"two_cols_bgcolor":false,"two_cols_spaltenbreite":"two-third-one-third"}]},"yoast_head":"<!-- This site is optimized with the Yoast SEO plugin v27.3 - https:\/\/yoast.com\/product\/yoast-seo-wordpress\/ -->\n<title>textilart - Lehrmittelverlag St. Gallen<\/title>\n<meta name=\"description\" content=\"textilart ist ein innovatives Lehrmittel f\u00fcr das Textile Gestalten in der Oberstufe. Es dient als Nachschlagewerk und zur Inspiration.\" \/>\n<meta name=\"robots\" content=\"index, follow, max-snippet:-1, max-image-preview:large, max-video-preview:-1\" \/>\n<link rel=\"canonical\" href=\"https:\/\/lizenz.lehrmittelverlag.ch\/cms\/verlag\/verlagsprogramm\/textilart\/\" \/>\n<meta property=\"og:locale\" content=\"de_DE\" \/>\n<meta property=\"og:type\" content=\"article\" \/>\n<meta property=\"og:title\" content=\"textilart - Lehrmittelverlag St. Gallen\" \/>\n<meta property=\"og:description\" content=\"textilart ist ein innovatives Lehrmittel f\u00fcr das Textile Gestalten in der Oberstufe. Es dient als Nachschlagewerk und zur Inspiration.\" \/>\n<meta property=\"og:url\" content=\"https:\/\/lizenz.lehrmittelverlag.ch\/cms\/verlag\/verlagsprogramm\/textilart\/\" \/>\n<meta property=\"og:site_name\" content=\"Lehrmittelverlag St. Gallen\" \/>\n<meta property=\"article:publisher\" content=\"https:\/\/www.facebook.com\/LehrmittelverlagSG\/\" \/>\n<meta property=\"article:modified_time\" content=\"2025-11-01T05:23:51+00:00\" \/>\n<meta property=\"og:image\" content=\"https:\/\/lizenz.lehrmittelverlag.ch\/cms\/wp-content\/uploads\/2024\/10\/textilart.jpg\" \/>\n\t<meta property=\"og:image:width\" content=\"500\" \/>\n\t<meta property=\"og:image:height\" content=\"500\" \/>\n\t<meta property=\"og:image:type\" content=\"image\/jpeg\" \/>\n<meta name=\"twitter:card\" content=\"summary_large_image\" \/>\n<meta name=\"twitter:site\" content=\"@Lehrmittel_SG\" \/>\n<meta name=\"twitter:label1\" content=\"Gesch\u00e4tzte Lesezeit\" \/>\n\t<meta name=\"twitter:data1\" content=\"3\u00a0Minuten\" \/>\n<script type=\"application\/ld+json\" class=\"yoast-schema-graph\">{\"@context\":\"https:\\\/\\\/schema.org\",\"@graph\":[{\"@type\":\"WebPage\",\"@id\":\"https:\\\/\\\/lizenz.lehrmittelverlag.ch\\\/cms\\\/verlag\\\/verlagsprogramm\\\/textilart\\\/\",\"url\":\"https:\\\/\\\/lizenz.lehrmittelverlag.ch\\\/cms\\\/verlag\\\/verlagsprogramm\\\/textilart\\\/\",\"name\":\"textilart - Lehrmittelverlag St. Gallen\",\"isPartOf\":{\"@id\":\"https:\\\/\\\/www.lehrmittelverlag.ch\\\/cms\\\/#website\"},\"primaryImageOfPage\":{\"@id\":\"https:\\\/\\\/lizenz.lehrmittelverlag.ch\\\/cms\\\/verlag\\\/verlagsprogramm\\\/textilart\\\/#primaryimage\"},\"image\":{\"@id\":\"https:\\\/\\\/lizenz.lehrmittelverlag.ch\\\/cms\\\/verlag\\\/verlagsprogramm\\\/textilart\\\/#primaryimage\"},\"thumbnailUrl\":\"https:\\\/\\\/www.lehrmittelverlag.ch\\\/cms\\\/wp-content\\\/uploads\\\/2024\\\/10\\\/textilart.jpg\",\"datePublished\":\"2023-01-25T14:12:44+00:00\",\"dateModified\":\"2025-11-01T05:23:51+00:00\",\"description\":\"textilart ist ein innovatives Lehrmittel f\u00fcr das Textile Gestalten in der Oberstufe. Es dient als Nachschlagewerk und zur Inspiration.\",\"breadcrumb\":{\"@id\":\"https:\\\/\\\/lizenz.lehrmittelverlag.ch\\\/cms\\\/verlag\\\/verlagsprogramm\\\/textilart\\\/#breadcrumb\"},\"inLanguage\":\"de-CH\",\"potentialAction\":[{\"@type\":\"ReadAction\",\"target\":[\"https:\\\/\\\/lizenz.lehrmittelverlag.ch\\\/cms\\\/verlag\\\/verlagsprogramm\\\/textilart\\\/\"]}]},{\"@type\":\"ImageObject\",\"inLanguage\":\"de-CH\",\"@id\":\"https:\\\/\\\/lizenz.lehrmittelverlag.ch\\\/cms\\\/verlag\\\/verlagsprogramm\\\/textilart\\\/#primaryimage\",\"url\":\"https:\\\/\\\/www.lehrmittelverlag.ch\\\/cms\\\/wp-content\\\/uploads\\\/2024\\\/10\\\/textilart.jpg\",\"contentUrl\":\"https:\\\/\\\/www.lehrmittelverlag.ch\\\/cms\\\/wp-content\\\/uploads\\\/2024\\\/10\\\/textilart.jpg\",\"width\":500,\"height\":500,\"caption\":\"textilart\"},{\"@type\":\"BreadcrumbList\",\"@id\":\"https:\\\/\\\/lizenz.lehrmittelverlag.ch\\\/cms\\\/verlag\\\/verlagsprogramm\\\/textilart\\\/#breadcrumb\",\"itemListElement\":[{\"@type\":\"ListItem\",\"position\":1,\"name\":\"Shop\",\"item\":\"\\\/\"},{\"@type\":\"ListItem\",\"position\":2,\"name\":\"Verlag\",\"item\":\"https:\\\/\\\/www.lehrmittelverlag.ch\\\/cms\\\/verlag\\\/\"},{\"@type\":\"ListItem\",\"position\":3,\"name\":\"Verlagsprogramm\",\"item\":\"https:\\\/\\\/www.lehrmittelverlag.ch\\\/cms\\\/verlag\\\/verlagsprogramm\\\/\"},{\"@type\":\"ListItem\",\"position\":4,\"name\":\"textilart\"}]},{\"@type\":\"WebSite\",\"@id\":\"https:\\\/\\\/www.lehrmittelverlag.ch\\\/cms\\\/#website\",\"url\":\"https:\\\/\\\/www.lehrmittelverlag.ch\\\/cms\\\/\",\"name\":\"Lehrmittelverlag St. Gallen\",\"description\":\"\",\"publisher\":{\"@id\":\"https:\\\/\\\/www.lehrmittelverlag.ch\\\/cms\\\/#organization\"},\"potentialAction\":[{\"@type\":\"SearchAction\",\"target\":{\"@type\":\"EntryPoint\",\"urlTemplate\":\"https:\\\/\\\/www.lehrmittelverlag.ch\\\/cms\\\/?s={search_term_string}\"},\"query-input\":{\"@type\":\"PropertyValueSpecification\",\"valueRequired\":true,\"valueName\":\"search_term_string\"}}],\"inLanguage\":\"de-CH\"},{\"@type\":\"Organization\",\"@id\":\"https:\\\/\\\/www.lehrmittelverlag.ch\\\/cms\\\/#organization\",\"name\":\"Lehrmittelverlag St. Gallen\",\"url\":\"https:\\\/\\\/www.lehrmittelverlag.ch\\\/cms\\\/\",\"logo\":{\"@type\":\"ImageObject\",\"inLanguage\":\"de-CH\",\"@id\":\"https:\\\/\\\/www.lehrmittelverlag.ch\\\/cms\\\/#\\\/schema\\\/logo\\\/image\\\/\",\"url\":\"https:\\\/\\\/www.lehrmittelverlag.ch\\\/cms\\\/wp-content\\\/uploads\\\/2022\\\/11\\\/logo-lmvsg.png\",\"contentUrl\":\"https:\\\/\\\/www.lehrmittelverlag.ch\\\/cms\\\/wp-content\\\/uploads\\\/2022\\\/11\\\/logo-lmvsg.png\",\"width\":899,\"height\":349,\"caption\":\"Lehrmittelverlag St. Gallen\"},\"image\":{\"@id\":\"https:\\\/\\\/www.lehrmittelverlag.ch\\\/cms\\\/#\\\/schema\\\/logo\\\/image\\\/\"},\"sameAs\":[\"https:\\\/\\\/www.facebook.com\\\/LehrmittelverlagSG\\\/\",\"https:\\\/\\\/x.com\\\/Lehrmittel_SG\"]}]}<\/script>\n<!-- \/ Yoast SEO plugin. -->","yoast_head_json":{"title":"textilart - Lehrmittelverlag St. Gallen","description":"textilart ist ein innovatives Lehrmittel f\u00fcr das Textile Gestalten in der Oberstufe. Es dient als Nachschlagewerk und zur Inspiration.","robots":{"index":"index","follow":"follow","max-snippet":"max-snippet:-1","max-image-preview":"max-image-preview:large","max-video-preview":"max-video-preview:-1"},"canonical":"https:\/\/lizenz.lehrmittelverlag.ch\/cms\/verlag\/verlagsprogramm\/textilart\/","og_locale":"de_DE","og_type":"article","og_title":"textilart - Lehrmittelverlag St. Gallen","og_description":"textilart ist ein innovatives Lehrmittel f\u00fcr das Textile Gestalten in der Oberstufe. Es dient als Nachschlagewerk und zur Inspiration.","og_url":"https:\/\/lizenz.lehrmittelverlag.ch\/cms\/verlag\/verlagsprogramm\/textilart\/","og_site_name":"Lehrmittelverlag St. Gallen","article_publisher":"https:\/\/www.facebook.com\/LehrmittelverlagSG\/","article_modified_time":"2025-11-01T05:23:51+00:00","og_image":[{"width":500,"height":500,"url":"https:\/\/lizenz.lehrmittelverlag.ch\/cms\/wp-content\/uploads\/2024\/10\/textilart.jpg","type":"image\/jpeg"}],"twitter_card":"summary_large_image","twitter_site":"@Lehrmittel_SG","twitter_misc":{"Gesch\u00e4tzte Lesezeit":"3\u00a0Minuten"},"schema":{"@context":"https:\/\/schema.org","@graph":[{"@type":"WebPage","@id":"https:\/\/lizenz.lehrmittelverlag.ch\/cms\/verlag\/verlagsprogramm\/textilart\/","url":"https:\/\/lizenz.lehrmittelverlag.ch\/cms\/verlag\/verlagsprogramm\/textilart\/","name":"textilart - Lehrmittelverlag St. Gallen","isPartOf":{"@id":"https:\/\/www.lehrmittelverlag.ch\/cms\/#website"},"primaryImageOfPage":{"@id":"https:\/\/lizenz.lehrmittelverlag.ch\/cms\/verlag\/verlagsprogramm\/textilart\/#primaryimage"},"image":{"@id":"https:\/\/lizenz.lehrmittelverlag.ch\/cms\/verlag\/verlagsprogramm\/textilart\/#primaryimage"},"thumbnailUrl":"https:\/\/www.lehrmittelverlag.ch\/cms\/wp-content\/uploads\/2024\/10\/textilart.jpg","datePublished":"2023-01-25T14:12:44+00:00","dateModified":"2025-11-01T05:23:51+00:00","description":"textilart ist ein innovatives Lehrmittel f\u00fcr das Textile Gestalten in der Oberstufe. Es dient als Nachschlagewerk und zur Inspiration.","breadcrumb":{"@id":"https:\/\/lizenz.lehrmittelverlag.ch\/cms\/verlag\/verlagsprogramm\/textilart\/#breadcrumb"},"inLanguage":"de-CH","potentialAction":[{"@type":"ReadAction","target":["https:\/\/lizenz.lehrmittelverlag.ch\/cms\/verlag\/verlagsprogramm\/textilart\/"]}]},{"@type":"ImageObject","inLanguage":"de-CH","@id":"https:\/\/lizenz.lehrmittelverlag.ch\/cms\/verlag\/verlagsprogramm\/textilart\/#primaryimage","url":"https:\/\/www.lehrmittelverlag.ch\/cms\/wp-content\/uploads\/2024\/10\/textilart.jpg","contentUrl":"https:\/\/www.lehrmittelverlag.ch\/cms\/wp-content\/uploads\/2024\/10\/textilart.jpg","width":500,"height":500,"caption":"textilart"},{"@type":"BreadcrumbList","@id":"https:\/\/lizenz.lehrmittelverlag.ch\/cms\/verlag\/verlagsprogramm\/textilart\/#breadcrumb","itemListElement":[{"@type":"ListItem","position":1,"name":"Shop","item":"\/"},{"@type":"ListItem","position":2,"name":"Verlag","item":"https:\/\/www.lehrmittelverlag.ch\/cms\/verlag\/"},{"@type":"ListItem","position":3,"name":"Verlagsprogramm","item":"https:\/\/www.lehrmittelverlag.ch\/cms\/verlag\/verlagsprogramm\/"},{"@type":"ListItem","position":4,"name":"textilart"}]},{"@type":"WebSite","@id":"https:\/\/www.lehrmittelverlag.ch\/cms\/#website","url":"https:\/\/www.lehrmittelverlag.ch\/cms\/","name":"Lehrmittelverlag St. Gallen","description":"","publisher":{"@id":"https:\/\/www.lehrmittelverlag.ch\/cms\/#organization"},"potentialAction":[{"@type":"SearchAction","target":{"@type":"EntryPoint","urlTemplate":"https:\/\/www.lehrmittelverlag.ch\/cms\/?s={search_term_string}"},"query-input":{"@type":"PropertyValueSpecification","valueRequired":true,"valueName":"search_term_string"}}],"inLanguage":"de-CH"},{"@type":"Organization","@id":"https:\/\/www.lehrmittelverlag.ch\/cms\/#organization","name":"Lehrmittelverlag St. Gallen","url":"https:\/\/www.lehrmittelverlag.ch\/cms\/","logo":{"@type":"ImageObject","inLanguage":"de-CH","@id":"https:\/\/www.lehrmittelverlag.ch\/cms\/#\/schema\/logo\/image\/","url":"https:\/\/www.lehrmittelverlag.ch\/cms\/wp-content\/uploads\/2022\/11\/logo-lmvsg.png","contentUrl":"https:\/\/www.lehrmittelverlag.ch\/cms\/wp-content\/uploads\/2022\/11\/logo-lmvsg.png","width":899,"height":349,"caption":"Lehrmittelverlag St. Gallen"},"image":{"@id":"https:\/\/www.lehrmittelverlag.ch\/cms\/#\/schema\/logo\/image\/"},"sameAs":["https:\/\/www.facebook.com\/LehrmittelverlagSG\/","https:\/\/x.com\/Lehrmittel_SG"]}]}},"_links":{"self":[{"href":"https:\/\/www.lehrmittelverlag.ch\/cms\/wp-json\/wp\/v2\/pages\/911","targetHints":{"allow":["GET"]}}],"collection":[{"href":"https:\/\/www.lehrmittelverlag.ch\/cms\/wp-json\/wp\/v2\/pages"}],"about":[{"href":"https:\/\/www.lehrmittelverlag.ch\/cms\/wp-json\/wp\/v2\/types\/page"}],"author":[{"embeddable":true,"href":"https:\/\/www.lehrmittelverlag.ch\/cms\/wp-json\/wp\/v2\/users\/3"}],"replies":[{"embeddable":true,"href":"https:\/\/www.lehrmittelverlag.ch\/cms\/wp-json\/wp\/v2\/comments?post=911"}],"version-history":[{"count":11,"href":"https:\/\/www.lehrmittelverlag.ch\/cms\/wp-json\/wp\/v2\/pages\/911\/revisions"}],"predecessor-version":[{"id":7225,"href":"https:\/\/www.lehrmittelverlag.ch\/cms\/wp-json\/wp\/v2\/pages\/911\/revisions\/7225"}],"up":[{"embeddable":true,"href":"https:\/\/www.lehrmittelverlag.ch\/cms\/wp-json\/wp\/v2\/pages\/67"}],"wp:featuredmedia":[{"embeddable":true,"href":"https:\/\/www.lehrmittelverlag.ch\/cms\/wp-json\/wp\/v2\/media\/3687"}],"wp:attachment":[{"href":"https:\/\/www.lehrmittelverlag.ch\/cms\/wp-json\/wp\/v2\/media?parent=911"}],"curies":[{"name":"wp","href":"https:\/\/api.w.org\/{rel}","templated":true}]}}